
2, 7
What are the prime factors of (-3 - -2) + (5 - -2)?
2, 3
Let j be (-38)/(-4) - 1/(-2). Let w(p) = 2*p + 3. Let y be w(j). Suppose y - 243 = -4*s. What are the prime factors of s?
5, 11
Let s(l) = -3*l**2 + 4*l - 2*l**2 - 1 + 0 - 2*l**2. Let b be s(3). Let m = b - -82. What are the prime factors of m?
2, 3, 5
Let u = -1 - -3. Suppose -3*g + b = 118, 5*g - 2*b = u*b - 199. Let s = -20 - g. List the prime factors of s.
19
Suppose x - 10 + 24 = 0. Let z = 10 + x. List the prime factors of 37 + (z - 0) + 8.
41
List the prime factors of (10/(-20))/(-1 + 25695/25698).
4283
Suppose 3*n = 3*m + 42, 4*m + 2 = m - 5*n. Let g = 13 + m. Suppose 2*x - g = 30. What are the prime factors of x?
17
Suppose -p = -15 - 0. Suppose 3*n = 27 + p. List the prime factors of n.
2, 7
Let b(y) = y + 1079. What are the prime factors of b(0)?
13, 83
Let h = 25 + -19. Let k be (8 - h)/(4/(-6)). What are the prime factors of (0 - k)/(9/48)?
2
Suppose 28*n - 1062 = 10*n. Let h = n + 155. What are the prime factors of h?
2, 107
Let m(h) = 2*h**2 - 10*h - 65. List the prime factors of m(10).
5, 7
Suppose 3*t - 2*j + 34 = -3, 5*j = -3*t - 65. Let a = -11 - t. Suppose v + 3*n = 24, -2*v + 65 = 3*v + a*n. What are the prime factors of v?
3
Let u = -20 - -11. Let g be u/(-3 - -6) + -79. Let t = -55 - g. What are the prime factors of t?
3
Suppose 5*i = 3*s + 5, -2*s - i - 55 = 3*s. Let t = -243 + 267. Let b = s + t. List the prime factors of b.
2, 7
Let i be (-1)/5*-21 - (-5)/(-25). Suppose -2*y - 82 = -i*y. What are the prime factors of y?
41
Let s be (6 - (2 + 2))*37. Let c = s - 5. List the prime factors of c.
3, 23
Suppose -s = -5 - 0. Suppose -3*k - 8 = -s*k. Suppose k*u = 18 + 50. What are the prime factors of u?
17
Suppose -3*f = 950 - 2645. List the prime factors of f.
5, 113
Let i(u) = -3*u**3 + 4*u**2 + u - 6. What are the prime factors of i(-6)?
2, 3, 5, 13
Let t(i) = 13*i - 6*i**2 + 9 + 17*i**2 - 2*i**3 + 3*i**3. Let u be t(-8). Suppose 3*l = 2*c + u, 3*c - 6 = l - 29. List the prime factors of l.
5, 7
Let b(d) = 30 - 49 + 24 + 4*d. What are the prime factors of b(6)?
29
Suppose -3*g = -3*j - 0*g + 1083, 365 = j - 3*g. What are the prime factors of j?
359
Let a be (14 - 7)*16/(-2)*-1. Let j = a - -16. List the prime factors of j.
2, 3
Suppose 3*f - 230 = 5*r, 4*f + r - 299 = -0*r. Let t = f + -22. What are the prime factors of t?
53
Let j = -7 - -11. Let g be (-3 + 1741)*2/j. List the prime factors of g/22 + 2/(-4).
3, 13
Let f(h) = h**2 + 18*h + 19. Let i be f(-17). Suppose 0 = -i*t - 3*u, t = 3*u - 4*u. What are the prime factors of (t - 0) + (-7 - -30)?
23
Let m = 8 + -8. Let t = m - 2. List the prime factors of (-24)/t*21/12.
3, 7
Suppose 2*d - 4*f = -3*f - 61, 3*d - f + 94 = 0. Let a = d + 34. Suppose -a = -l + 4. What are the prime factors of l?
5
Let s = -17 - -21. Suppose h = s*h - 30. What are the prime factors of h?
2, 5
Let f = -75 + 69. What are the prime factors of f + 5 + (134 - 2)?
131
Let y(n) = -2*n - 2*n + 7 + n. List the prime factors of y(-19).
2
Suppose 0 = -4*s + 3*p - 7, -2*p + 13 = -4*s + 3. List the prime factors of 467/3 + -7*s/84.
2, 3, 13
Let t(c) = -3*c**3 - 3*c**2 - 3*c + 3. Let i be t(-3). Let q(d) = 2*d**3 + 5*d**2 - 6*d - 5. Let w be q(-5). List the prime factors of w/6*i/(-55).
2, 5
Let j(t) be the second derivative of -11*t**5/10 - t**4/6 - 3*t**2/2 + 2*t + 19. List the prime factors of j(-2).
3, 5, 11
Let s = -93 - -1043. What are the prime factors of s?
2, 5, 19
Suppose -b = l - 1 - 14, 4*b - 5*l = 96. Let m = b + -17. What are the prime factors of (-44)/1*(-1)/m?
2, 11
Let b(q) = -1262*q**3 - 4*q**2 - 4*q + 1. List the prime factors of b(-1).
3, 421
Let f(x) = 41*x + 383. What are the prime factors of f(36)?
11, 13
Suppose -123 - 85 = 13*o. Let c = 7 + -1. What are the prime factors of (-168)/o*8/c?
2, 7
Let x(s) = -17 - 23 - 16*s + 34. List the prime factors of x(-4).
2, 29
Let a(c) = c**2 + 24*c - 50. What are the prime factors of a(-30)?
2, 5, 13
Suppose -g + 76 = g. Suppose 0 = k - 16 - g. What are the prime factors of k?
2, 3
Let h be 12/54 + (-76)/18. Let w be 0 + -18*h/(-4). Let r = w + 37. List the prime factors of r.
19
Let l(m) = -4*m. Let q be l(-2). What are the prime factors of 79 - (4/q)/((-2)/12)?
2, 41
List the prime factors of ((-248)/10)/((-66)/330).
2, 31
Suppose -7*b + 43 = -13. Suppose 0 = 4*s - b*s + 8. What are the prime factors of (25/s)/(9/18)?
5
Suppose 0 = 2*n - 9 + 43. Let w = n + 27. Suppose 8*o = w*o - 42. List the prime factors of o.
3, 7
Let n(l) = 8*l + 2*l**2 - l - 5*l - 5 + 11*l. What are the prime factors of n(-8)?
19
Suppose 4*b - 6*g + 5*g + 68 = 0, 0 = -2*b + 3*g - 44. Let k be 0 + -142*2*-1. List the prime factors of ((-4)/b)/(1/k).
71
Let g be 3 - -1*(-1 + 3). Suppose 4*t = -3*m + 189, 0 = g*m - 4*t - 157 - 190. What are the prime factors of m?
67
Suppose 76*s + 666 = 79*s. List the prime factors of s.
2, 3, 37
What are the prime factors of 10/(-40) + 697/4?
2, 3, 29
Let s(j) = j**2 - j - 14. Let f be s(0). Let t(b) = b + 11. Let y be t(f). What are the prime factors of 37 - (y + 6 - 1)?
5, 7
Let i = -557 - -933. List the prime factors of i.
2, 47
Let z be (-6)/8*160/(-24). Suppose -g - 27 + 104 = -w, 5*w + 375 = -z*g. Let m = 133 + w. What are the prime factors of m?
3, 19
Suppose -81*k + 80*k + 1074 = 5*y, 5370 = 5*k - 2*y. What are the prime factors of k?
2, 3, 179
Let j(z) = -z + 2. Let r be j(2). Suppose 4*l + 38 = m - r, 0 = 4*m - 4*l - 92. Let n = m + -14. What are the prime factors of n?
2
Let o = 222 + -209. List the prime factors of o.
13
Let x be -16 + 25 + 2/2. Let l = -9 + 43. Let t = l - x. List the prime factors of t.
2, 3
Let a = 335 + -162. What are the prime factors of a?
173
Let r(k) = 21*k**3 + 2*k**2 - 4*k + 2. List the prime factors of r(2).
2, 5, 17
Let w be (-1064)/(-13) + (-10)/(-65). Suppose r = 38 + w. List the prime factors of r.
2, 3, 5
Let z be (-1)/(3*(-1)/(-6)). Let b be (z/4)/((-10)/600). Let u = b - 11. List the prime factors of u.
19
Let d(w) = 2*w**2 + 7*w - 10. Let q be d(-5). Suppose q*p = -3*j + 894, 2*p - p + 3*j = 186. List the prime factors of p.
3, 59
Suppose -r = r + 5*c + 5, -4*r = 2*c + 2. What are the prime factors of 1/((-2)/(-82)) + r?
41
Let b(x) = x**2 + 11*x + 14. Let j be b(-10). Suppose -5*t - j*t = -558. List the prime factors of t.
2, 31
Suppose 103*u = 66352 + 70123. What are the prime factors of u?
5, 53
Let b = 2015 + 110. What are the prime factors of b?
5, 17
Let r(g) = 53 - 162*g + 102 + 161*g. Let w be r(0). Let k = -88 + w. What are the prime factors of k?
67
Let a(o) = 3*o + 29. Let v be a(0). Let f = 56 - v. List the prime factors of f.
3
Let p = 25 + -23. What are the prime factors of (p - (-1 - -4)) + 39?
2, 19
Suppose -4*z + 1298 = 3*l, -3*l + 3*z - 867 = -5*l. List the prime factors of l.
2, 3, 71
Let m = 51 + -74. Let i(l) = l**2 + 19*l - 56. List the prime factors of i(m).
2, 3
Suppose 0 = 3*l - 6*l + 3*t + 84, 0 = 3*t. What are the prime factors of (l + -7)/(2 + (-13)/8)?
2, 7
Let a = -14 - -14. Suppose a = -3*y - 2*y - 75. What are the prime factors of (-37)/(-3) - (-20)/y?
11
Suppose 14*j - 11*j = 1593. Let x be (1 + 1)/(18/j). Suppose 11 - x = -3*a. List the prime factors of a.
2
Suppose 8*c + 7*y = 11*c - 7541, -2*c + 5029 = -3*y. List the prime factors of c.
2, 17, 37
Let p = -1418 + 2566. What are the prime factors of p?
2, 7, 41
Let l be (8/(-6))/(6/(-18)). Suppose -l*d + 594 = -2*g + 4*g, 12 = -4*g. List the prime factors of d.
2, 3, 5
Let d(m) = -3*m + 6 - 2 + 4*m - 5. Let x be d(5). Suppose 0*p + 3*p = g + 64, x*g = -3*p + 44. List the prime factors of p.
2, 5
Let u(c) = 10*c - 14. Let m be u(25). Let o = 488 - m. List the prime factors of o.
2, 3, 7
Let z(c) be the third derivative of c**5/15 + c**4/24 - c**3/2 + 7*c**2. What are the prime factors of z(4)?
5, 13
Suppose -4*z - 1650 = -3*j, -5*z + 840 - 2487 = -3*j. List the prime factors of j.
2, 277
Let v = 12 - -26. What are the prime factors of v?
2, 19
Let m(w) = -49*w - 58. Let k(l) = -24*l - 29. Let r(j) = -7*k(j) + 3*m(j). What are the prime factors of r(6)?
5, 31
Let p = -88 + 37. Let s(l) = 69*l - 8. Let n be s(0). Let x = n - p. List the prime factors of x.
43
Suppose -p + 6*p - 8 = 3*t, 4*p + 42 = -2*t. What are the prime factors of (-134)